
7
Let i(w) = 247*w + 17997. Calculate i(-73).
-34
Let y(a) = -a**3 - 17*a**2 - 39*a + 45. Determine y(-15).
180
Let x(z) = -z**3 - 12*z**2 - 4*z + 214. What is x(-9)?
7
Let d(o) = o**3 + 56*o**2 + 54*o + 123. Give d(-55).
178
Let k(t) = 2*t**3 + 4*t**2 + 149. Determine k(-5).
-1
Let c(r) = -30*r - 4138. Give c(-143).
152
Let u(d) = 23*d + 185. Determine u(-6).
47
Let m(b) = 1173*b + 1097. Calculate m(-1).
-76
Let i(j) = 143*j**2 + 1488*j - 945. Calculate i(-11).
-10
Let a(m) = 27*m**3 + 4*m**2 - 16*m - 19. What is a(-1)?
-26
Let v(u) = -u**3 + 76*u**2 - 75*u + 2. What is v(75)?
2
Let h(v) = v**3 - 11*v**2 - 8*v + 12. Give h(11).
-76
Let n(z) = -5*z**2 - 157*z - 738. Calculate n(-6).
24
Let n(r) = r**3 + 8*r**2 - 31*r - 62. Give n(-13).
-504
Let p(z) = 3*z**2 - 83*z + 316. Determine p(22).
-58
Let r(v) = v**2 + 95*v - 1019. Give r(10).
31
Let g(u) = -u**3 + 8*u**2 + 31*u + 5. Give g(11).
-17
Let z(h) = h**3 + 10*h**2 + 2*h - 54. Determine z(-4).
34
Let f(b) = 16*b - 199. Calculate f(14).
25
Let u(o) = -371*o + 137263. Give u(370).
-7
Let n(t) = 306*t - 1. Calculate n(-2).
-613
Let j(c) = -c**3 - 34*c**2 - 50*c + 439. What is j(-32)?
-9
Let h(t) = 47*t - 384. Determine h(8).
-8
Let i(r) = -r**3 + 78*r**2 - r + 87. Calculate i(78).
9
Let y(i) = 6*i**3 + 145*i**2 + 20*i - 98. Determine y(-24).
-2
Let v(f) = -11*f - 16. Calculate v(-1).
-5
Let p(q) = -3*q**3 + q**2 - 2*q + 27. Give p(0).
27
Let q(o) = 2*o**2 - 91*o - 437. What is q(50)?
13
Let j(c) = -4*c**3 + 5*c**2 + 67*c - 66. Determine j(1).
2
Let r(q) = 2*q**2 - 106*q - 53. Calculate r(54).
55
Let t(b) = -163*b - 522. Calculate t(-3).
-33
Let j(p) = -356*p + 1421. Calculate j(4).
-3
Let m(j) = 52*j + 1860. Give m(-36).
-12
Let w(p) = 477*p**2 + 478*p + 2. Give w(-1).
1
Let w(b) = -2*b**2 + 37*b + 2156. Determine w(-25).
-19
Let g(x) = 47*x + 118. Determine g(-2).
24
Let j(n) = n**2 + 151*n + 5. Give j(0).
5
Let u(s) = s**3 + 132*s**2 - 542*s + 271. What is u(-136)?
-1
Let r(x) = -978*x + 13687. Give r(14).
-5
Let x(q) = -q**2 + 104*q - 489. Give x(5).
6
Let b(f) = f**2 + 467*f - 6733. Give b(14).
1
Let f(g) = -9*g - 143. Determine f(-19).
28
Let r(t) = 3*t**2 + 1566*t - 3127. What is r(2)?
17
Let f(d) = -d**3 - 16*d**2 + 29*d - 21. Calculate f(-18).
105
Let j(l) = -22*l - 1808. Give j(-82).
-4
Let f(r) = 15*r + 698. Determine f(-39).
113
Let c(s) = -11*s**2 + 6*s - 4. Determine c(1).
-9
Let n(d) = d**3 + 21*d**2 - 193*d + 194. Give n(6).
8
Let g(r) = r - 68. What is g(15)?
-53
Let z(m) = -m**3 - 5*m**2 + 10*m - 4. Give z(-7).
24
Let l(b) = -9*b**2 + 9*b + 21. Give l(6).
-249
Let z(n) = -4*n**2 + 481*n + 1361. Determine z(123).
8
Let w(m) = 3*m**2 - 49*m - 292. What is w(-5)?
28
Let k(n) = -12*n**2 - 16*n + 25. Give k(1).
-3
Let f(m) = m**3 - 92*m**2 + 266*m - 7738. What is f(90)?
2
Let u(c) = -139*c - 250. Determine u(-2).
28
Let j(y) = -y**2 + 42*y - 504. Determine j(24).
-72
Let v(m) = 2*m**3 - 2*m**2 - 16*m - 2. Give v(4).
30
Let l(t) = -t**2 + 32*t + 196. What is l(37)?
11
Let a(b) = -b**2 + 567*b + 14805. Give a(-25).
5
Let r(q) = 152*q - 2074. What is r(14)?
54
Let j(t) = 115*t - 19432. What is j(169)?
3
Let b(x) = -x**2 - 29*x - 103. Give b(-28).
-75
Let w(t) = -t**3 - 13*t**2 - 20*t - 283. What is w(-13)?
-23
Let s(c) = 64*c**3 + c**2 + 29*c - 30. Give s(1).
64
Let g(d) = -2105*d + 16839. What is g(8)?
-1
Let n(x) = 3*x**2 + 147*x - 137. Determine n(-50).
13
Let a(x) = -2*x**3 - 19*x**2 + 13*x + 19. Determine a(-10).
-11
Let u(o) = 21*o - 628. Give u(33).
65
Let j(x) = x**2 + 36*x - 477. Determine j(10).
-17
Let g(x) = 22*x**2 + 13*x + 20. Calculate g(-2).
82
Let x(f) = -2*f**2 + 135*f + 345. Give x(70).
-5
Let m(o) = o**3 + 7*o**2 + 22*o + 32. Calculate m(-4).
-8
Let k(n) = 4*n**3 - n**2 - 27*n + 51. Calculate k(2).
25
Let l(b) = -2*b**3 - 2*b**2 + b + 19. Give l(4).
-137
Let s(j) = -40*j**2 - 24*j - 94. Determine s(-3).
-382
Let r(b) = -7*b**2 - 69*b - 38. Calculate r(-9).
16
Let a(m) = -m**3 + 7*m**2 + 3*m + 15. Give a(8).
-25
Let j(g) = -16*g + 142. What is j(9)?
-2
Let i(c) = -492*c - 2369. Determine i(-5).
91
Let z(f) = -35*f**2 - 14*f + 43. Give z(3).
-314
Let t(z) = z**3 + 12*z**2 + 23*z - 55. What is t(-5)?
5
Let k(b) = -2*b**2 - b + 314. Calculate k(0).
314
Let s(n) = -n**3 + 19*n**2 + 6*n + 9. Determine s(0).
9
Let g(y) = 7*y**2 + 296*y + 97. Give g(-42).
13
Let p(a) = a**3 + 17*a**2 - 133*a - 11. Give p(-23).
-126
Let r(j) = 4*j**2 - 175*j - 100. What is r(44)?
-56
Let k(g) = 597*g - 30438. Give k(51).
9
Let m(v) = -10*v**2 + 468*v - 805. Determine m(45).
5
Let b(f) = -4*f - 4. What is b(0)?
-4
Let x(g) = -11*g**2 - 26*g - 49. Calculate x(-2).
-41
Let p(v) = v**3 + 24*v**2 + 74*v + 682. Calculate p(-22).
22
Let v(h) = 2*h**2 - 2*h - 23. Give v(-11).
241
Let p(j) = -j**2 + 19*j + 133. Give p(-6).
-17
Let z(h) = 2*h**2 - 81*h + 713. Give z(13).
-2
Let o(z) = -2*z**2 - 86*z - 571. What is o(-35)?
-11
Let h(g) = 10*g**3 + g**2 - 6*g + 4. Give h(1).
9
Let m(b) = -29*b + 785. What is m(28)?
-27
Let r(c) = -103*c - 2006. What is r(-17)?
-255
Let j(v) = -v**3 + 39*v**2 + 27*v - 1032. Give j(39).
21
Let q(o) = 3*o**3 + 7*o**2 - 48*o + 1. Give q(4).
113
Let m(g) = -3*g**3 + 21*g**2 - 13*g + 91. Calculate m(7).
0
Let t(f) = -22*f + 322. Calculate t(14).
14
Let c(d) = -488*d - 4396. What is c(-9)?
-4
Let n(k) = k**3 + 119*k**2 + 672*k - 730. Determine n(-113).
-52
Let o(r) = r**3 - 39*r**2 + 373*r + 89. Calculate o(18).
-1
Let r(o) = -15*o - 368. What is r(-24)?
-8
Let f(h) = h**3 + 50*h**2 + 479*h - 107. Calculate f(-37).
-33
Let o(m) = 4*m**3 + 123*m**2 - 31*m + 27. Calculate o(-31).
27
Let m(f) = 4*f**2 - 139*f + 135. What is m(30)?
-435
Let k(c) = -c**3 + 3*c**2 + 7*c + 10. Give k(-4).
94
Let v(y) = -94*y + 17. Give v(2).
-171
Let p(t) = -27*t**2 + 339*t - 677. Calculate p(10).
13
Let u(z) = z**2 - 42*z + 190. Determine u(5).
5
Let h(m) = -4*m - 93. Determine h(-23).
-1
Let l(b) = 366*b + 8409. Determine l(-23).
-9
Let y(m) = 13*m**3 - 2*m**2 + 16*m - 32. What is y(2)?
96
Let k(q) = q**2 + 23*q + 60. Determine k(-20).
0
Let k(g) = 25*g**2 - 110. Determine k(0).
-110
Let y(m) = 2*m**2 + 84*m - 710. Determine y(7).
-24
Let f(q) = q**3 - 29*q**2 - 57*q - 70. Calculate f(31).
85
Let m(v) = -5*v**3 + 280*v**2 + 5. Determine m(56).
5
Let z(n) = 585*n**2 - 12870*n - 3. Determine z(22).
-3
Let g(t) = 128*t - 1772. Determine g(14).
20
Let y(a) = -88*a**2 + 9*a + 11. Determine y(-1).
-86
Let f(j) = j**2 - 8*j - 66. What is f(12)?
-18
Let x(y) = y**2 - 17*y - 215. What is x(-9)?
19
Let a(f) = 2*f**2 + 49*f - 3645. Give a(-56).
-117
Let o(x) = 654*x + 3914. What is o(-6)?
-10
Let w(n) = 47*n + 2306. Give w(-49).
3
Let o(j) = j**3 + 29*j + 14. Calculate o(-6).
-376
Let w(n) = 15*n - 57. What is w(4)?
3
Let h(g) = 25*g + 1294. Give h(-50).
44
Let p(i) = i**3 - 10*i**2 - 32*i + 337. Calculate p(9).
-32
Let p(k) = -k**2 + 23*k + 446. Determine p(-12).
26
Let q(h) = 232*h - 690. Determine q(3).
6
Let u(w) = 23*w**2 + 251*w - 506. Calculate u(2).
88
Let u(t) = 2*t**2 + 127*t - 984. What is u(7)?
3
Let y(d) = -49*d**2 - 234*d - 277. Give y(-3).
-16
Let r(v) = -35*v - 1231. Give r(-35).
-6
Let w(c) = -c**2 + 14*c + 173. Give w(0).
173
Let h(b) = -b - 29. Determine h(14).
-43
Let n(h) = 48*h**2 - 2311*h + 366. Give n(48).
30
Let q(w) = 538*w - 6406. What is q(12)?
50
Let b(i) = 335*i + 7693. Give b(-23).
-12
Let l(q) = q**3 + 22*q**2 + 20*q - 3. What is l(-21)?
18
Let i(x) = -x**3 - 4*x**2 - 11*x - 13. Give i(-3).
11
Let c(n) = -8*n**3 - 9*n**2 + 44*n + 12. Give c(3).
-153
Let f(a) = a**3 - 80*a**2 - 5*a + 392. What is f(80)?
-8
Let k(g) = -9*g**2 - 4*g + 15. Give k(0).
15
Let u(w) = 3*w**3 - 28*w**2 - 23*w + 30. Calculate u(10).
0
Let g(l) = -193*l + 189. Give g(1).
-4
Let u(q) = -14*q**3 - q**2 + 10. Determine u(2).
-106
Let s(t) = t**2 - 60*t - 1128. What is s(75)?
-3
Let c(z) = 49*z - 282. Determine c(4).
-86
Let q(o) = 706*o - 5171. Determine q(7).
-229
Let q(l) = 2*l**2 - 122*l + 598. Calculate q(56).
38
Let a(o) = o**2 + 61*o + 500. Calculate a(-51).
-10
Let i(r) = 6*r**2 - 82*r - 24. Calculate i(13).
-76
Let z(p) = 18*p**2 + 16*p - 218. Determine z(8).
1062
Let o(y) = -y**3 + 2*y**2 + 2391*y - 16495. What is o(7)?
-3
Let u(m) = 122*m**2 - 2761*m - 1036. Calculate u(23).
-1
Let g(j) = 3*j*